late the greatest common divisor of 1443 and 26.
13
Calculate the greatest common factor of 715 and 22.
11
Calculate the greatest common divisor of 9496 and 8.
8
What is the highest common divisor of 9 and 11619?
9
Calculate the greatest common factor of 209 and 11.
11
Calculate the greatest common factor of 40 and 320.
40
Calculate the greatest common divisor of 270 and 3618.
54
Calculate the highest common factor of 1222 and 2350.
94
Calculate the greatest common factor of 68 and 3298.
34
Calculate the highest common factor of 3333 and 33.
33
Calculate the greatest common divisor of 3 and 1527.
3
Calculate the greatest common factor of 168 and 40.
8
Calculate the highest common factor of 115 and 15.
5
Calculate the highest common factor of 68 and 25007.
17
What is the highest common factor of 264 and 24?
24
What is the greatest common divisor of 704 and 88?
88
Calculate the highest common factor of 5537 and 113.
113
Calculate the greatest common factor of 9555 and 195.
195
What is the highest common divisor of 600 and 1275?
75
Calculate the greatest common divisor of 124 and 5828.
124
What is the greatest common factor of 1027 and 13?
13
What is the highest common divisor of 6460 and 68?
68
What is the greatest common divisor of 3000 and 24?
24
Calculate the highest common factor of 416 and 13.
13
What is the greatest common factor of 465 and 372?
93
What is the greatest common divisor of 3051 and 405?
27
Calculate the greatest common factor of 159 and 3445.
53
Calculate the greatest common factor of 4082 and 494.
26
What is the greatest common divisor of 672 and 5124?
84
What is the greatest common factor of 30 and 480?
30
Calculate the highest common factor of 768 and 816.
48
What is the highest common factor of 17040 and 400?
80
Calculate the greatest common factor of 9432 and 342.
18
What is the greatest common factor of 39 and 208?
13
What is the highest common divisor of 34 and 22?
2
What is the highest common divisor of 1536 and 12?
12
What is the highest common factor of 451 and 11?
11
What is the highest common divisor of 288 and 639?
9
What is the highest common divisor of 88 and 64?
8
Calculate the highest common factor of 87 and 1653.
87
Calculate the greatest common divisor of 102 and 459.
51
What is the highest common factor of 770 and 5775?
385
Calculate the highest common divisor of 54 and 1458.
54
What is the highest common divisor of 102 and 15232?
34
What is the highest common divisor of 53 and 21677?
53
Calculate the highest common factor of 12 and 54.
6
What is the highest common factor of 60 and 3270?
30
Calculate the greatest common factor of 78 and 1664.
26
Calculate the highest common factor of 1195 and 4.
1
Calculate the highest common factor of 6 and 345.
3
What is the highest common factor of 12 and 47880?
12
Calculate the highest common divisor of 186 and 4.
2
What is the highest common divisor of 160 and 20?
20
Calculate the greatest common factor of 96 and 208.
16
What is the greatest common factor of 480 and 64?
32
Calculate the greatest common factor of 6 and 282.
6
What is the highest common divisor of 2765 and 316?
79
What is the highest common divisor of 572 and 77?
11
Calculate the highest common divisor of 6123 and 143.
13
Calculate the highest common divisor of 8084 and 188.
188
Calculate the greatest common divisor of 30 and 20.
10
What is the greatest common factor of 56 and 1?
1
Calculate the highest common divisor of 120 and 832.
8
Calculate the highest common divisor of 100 and 450.
50
Calculate the greatest common divisor of 6 and 26904.
6
What is the highest common divisor of 1224 and 1088?
136
Calculate the highest common factor of 120 and 1056.
24
Calculate the greatest common divisor of 28 and 427.
7
What is the highest common factor of 14 and 426?
2
What is the greatest common divisor of 297 and 18216?
99
What is the highest common divisor of 20 and 190?
10
What is the greatest common divisor of 363 and 847?
121
What is the greatest common factor of 276 and 24?
12
What is the highest common factor of 3712 and 377?
29
What is the highest common factor of 87 and 3103?
29
Calculate the highest common divisor of 20944 and 77.
77
What is the highest common divisor of 92 and 11132?
92
Calculate the greatest common factor of 6125 and 490.
245
Calculate the highest common factor of 810 and 108.
54
What is the greatest common factor of 100 and 340?
20
What is the greatest common divisor of 42 and 231?
21
Calculate the highest common factor of 728 and 7.
7
What is the greatest common divisor of 5 and 15?
5
Calculate the highest common factor of 47104 and 64.
64
What is the greatest common divisor of 1672 and 19?
19
What is the highest common divisor of 81 and 918?
27
What is the highest common divisor of 609 and 84?
21
What is the highest common divisor of 3004 and 4?
4
Calculate the greatest common divisor of 40 and 70.
10
What is the highest common divisor of 6432 and 192?
96
What is the greatest common factor of 208 and 13?
13
Calculate the highest common factor of 444 and 259.
37
What is the highest common factor of 20 and 24?
4
Calculate the greatest common divisor of 35 and 5110.
35
What is the greatest common divisor of 7 and 371?
7
Calculate the highest common factor of 38 and 52.
2
What is the highest common factor of 111 and 296?
37
Calculate the highest common divisor of 754 and 58.
58
Calculate the greatest common factor of 15998 and 76.
38
What is the highest common divisor of 14 and 350?
14
What is the greatest common divisor of 117 and 195?
39
Calculate the greatest common divisor of 95 and 10.
5
What is the highest common factor of 39 and 429?
39
What is the greatest common divisor of 2575 and 25?
25
What is the greatest common divisor of 17605 and 105?
35
What is the highest common divisor of 1690 and 10?
10
Calculate the highest common divisor of 372 and 15.
3
What is the greatest common factor of 1533 and 21?
21
Calculate the highest common divisor of 416 and 13.
13
Calculate the highest common divisor of 1170 and 540.
90
Calculate the greatest common divisor of 7882 and 28.
14
What is the greatest common factor of 580 and 60?
20
What is the highest common factor of 105 and 2355?
15
What is the highest common factor of 9 and 8?
1
What is the highest common divisor of 1 and 1?
1
What is the highest common divisor of 122 and 671?
61
Calculate the highest common factor of 7 and 175.
7
Calculate the greatest common factor of 45 and 1035.
45
What is the highest common divisor of 24 and 708?
12
What is the highest common divisor of 725 and 261?
29
What is the greatest common factor of 159 and 2491?
53
Calculate the highest common divisor of 36 and 30.
6
What is the greatest common divisor of 1596 and 38?
38
Calculate the greatest common factor of 100 and 540.
20
What is the highest common divisor of 332 and 249?
83
Calculate the greatest common divisor of 11628 and 34.
34
What is the greatest common divisor of 4 and 4?
4
What is the greatest common factor of 42 and 66?
6
What is the greatest common divisor of 308 and 44?
44
What is the highest common divisor of 7 and 1?
1
Calculate the greatest common divisor of 2676 and 12.
12
Calculate the highest common factor of 492 and 26.
2
Calculate the highest common divisor of 26 and 20540.
26
Calculate the highest common factor of 657 and 146.
73
What is the highest common divisor of 38 and 285?
19
Calculate the greatest common factor of 1023 and 279.
93
Calculate the greatest common divisor of 272 and 32.
16
Calculate the highest common divisor of 22878 and 744.
186
Calculate the highest common divisor of 155 and 1240.
155
Calculate the highest common factor of 35 and 1015.
35
Calculate the highest common divisor of 48 and 17616.
48
What is the greatest common divisor of 48 and 6064?
16
Calculate the greatest common divisor of 306 and 126.
18
Calculate the highest common divisor of 96 and 22992.
48
What is the highest common factor of 1032 and 24?
24
What is the highest common factor of 203 and 56?
7
What is the highest common factor of 35948 and 22?
22
What is the greatest common divisor of 57 and 6?
3
Calculate the greatest common divisor of 210 and 56.
14
What is the greatest common factor of 24 and 1704?
24
Calculate the highest common 